{"id":176,"date":"2011-11-21T10:30:46","date_gmt":"2011-11-21T07:30:46","guid":{"rendered":"http:\/\/repnje.megabyet.net\/repnje\/?page_id=176"},"modified":"2022-11-07T09:30:31","modified_gmt":"2022-11-07T08:30:31","slug":"dom","status":"publish","type":"page","link":"https:\/\/pgd.repnje.si\/?page_id=176","title":{"rendered":"Dom"},"content":{"rendered":"<table border=\"0\">\n<tbody>\n<tr>\n<td style=\"border: none;\" valign=\"top\"><img decoding=\"async\" src=\"http:\/\/pgd.repnje.si\/slike\/dom1.jpg\" alt=\"\" \/><\/td>\n<td style=\"border: none;\" valign=\"top\">\n<p style=\"text-align: justify;\"><strong>IZGRADNJA PRVEGA GASILSKEGA DOMA (1962)<\/strong><\/p>\n<p style=\"text-align: justify;\">Prvi gasilski dom v Repnjah je bil zgrajen leta 1962, njegvo geslo je bilo: &#8220;V slogi je mo\u010d!&#8221; Gasilski dom je nastal na ru\u0161evinah stare dekli\u0161ke \u0161ole in dvorane, ki sta bili med vojno poru\u0161eni. Gradnja je potekala po\u010dasi, saj razen dobre volje ni bilo na razpolago ni\u010desar. Opeko za dom so \u010dlani sami izdelovali v opekarni v Vodicah. Kmetje so prispevali les, dramska skupina pa finan\u010dna sredstva, ki jih je prislu\u017eila z nastopanjem v blji\u017eni okolici. V dokon\u010danem domu je bilo v 1. nadstropju manj\u0161e stanovanje, \u010digar lastnik je opravljal delo hi\u0161nika-gospodarja-orodjarja.<\/p>\n<\/td>\n<\/tr>\n<tr>\n<td style=\"border: none;\" valign=\"top\"><img decoding=\"async\" src=\"http:\/\/pgd.repnje.si\/slike\/dom2.jpg\" alt=\"\" \/><\/td>\n<td style=\"border: none;\" valign=\"top\">\n<p style=\"text-align: justify;\"><strong>IZGRADNJA SEDANJEGA GASILSKEGA DOMA<\/strong><\/p>\n<p style=\"text-align: justify;\">Ker je obstoje\u010di dom kmalu postal pretesen in ker \u017ee dolgo ni ve\u010d ustrezal zahtevam, se je leta 1983 prvi\u010d porodila ideja o gradnji novega gasilskega doma.<br \/>\nLeta 1985 smo poru\u0161ili stari gasilski dom in novega spravili pod streho. Leto zatem se je v gasilskem domu napeljala \u0161e in\u0161talacija, narejena sta bila fasada in notranji omet. Leta 1991 je bil gasilski dom predan svojemu namenu.<\/p>\n<\/td>\n<\/tr>\n<tr>\n<td style=\"border: none;\" valign=\"top\"><img decoding=\"async\" src=\"http:\/\/pgd.repnje.si\/slike\/dom3.jpg\" alt=\"\" \/><\/td>\n<td style=\"border: none;\" valign=\"top\">\n<p style=\"text-align: justify;\"><strong>OBNOVA SEDANJEGA GASILSKEGA DOMA (2007)<\/strong><\/p>\n<p style=\"text-align: justify;\">Ob praznovanju 50. obletnice, smo se odlo\u010dili, da v ta namen obnovimo sedanji gasilni dom. Prenove smo se lotili, tako da smo zunaj na novo prebarvali omet, v notranjosti pa smo prebarvali prostore. Postorili pa smo tudi manj\u0161e popravke, ki so za\u010deli nastajati tekom let.<\/p>\n<p style=\"text-align: justify;\">Leta 2010 smo obnovili bife v pritli\u010dju doma, v letu 2012 pa zamenjali dotrajana lesena okna z novimi.<\/p>\n<\/td>\n<\/tr>\n<\/tbody>\n<tr>\n<td style=\"border: none;\" valign=\"top\"><img decoding=\"async\" src=\"http:\/\/pgd.repnje.si\/slike\/dom4.jpg\" alt=\"\" \/><\/td>\n<td style=\"border: none;\" valign=\"top\">\n<p style=\"text-align: justify;\"><strong>IZGRADNJA ASFALTNEGA IGRI\u0160\u010cA (2015)<\/strong><\/p>\n<p style=\"text-align: justify;\">Ob\u010dina Vodice je leta 2014 pristopila k izgradnji \u0161portnega igri\u0161\u010da v Repnjah. Igri\u0161\u010de, ki je bilo do takrat travnato se je preuredilo v asfaltno s pripadajo\u010dimi goli ter ko\u0161i za ko\u0161arko. Prav tako se igri\u0161\u010da dr\u017eijo tribune. Avgusta 2015 je bilo predano svojemu namenu. Pridobitev je bila pomembna z zagotavljanje \u0161portnih aktivnosti v kraju, kakor tudi za izvajanje gasilskih vaj.<\/p>\n<\/td>\n<\/tr>\n<\/tbody>\n<\/table>\n","protected":false},"excerpt":{"rendered":"<p>IZGRADNJA PRVEGA GASILSKEGA DOMA (1962) Prvi gasilski dom v Repnjah je bil zgrajen leta 1962, njegvo geslo je bilo: &#8220;V slogi je mo\u010d!&#8221; Gasilski dom je nastal na ru\u0161evinah stare dekli\u0161ke \u0161ole in dvorane, ki sta bili med vojno poru\u0161eni. Gradnja je potekala po\u010dasi, saj razen dobre volje ni bilo na razpolago ni\u010desar. Opeko za [&hellip;]<\/p>\n","protected":false},"author":1,"featured_media":0,"parent":249,"menu_order":2,"comment_status":"closed","ping_status":"closed","template":"","meta":{"footnotes":"","_links_to":"","_links_to_target":""},"class_list":["post-176","page","type-page","status-publish","hentry"],"_links":{"self":[{"href":"https:\/\/pgd.repnje.si\/index.php?rest_route=\/wp\/v2\/pages\/176","targetHints":{"allow":["GET"]}}],"collection":[{"href":"https:\/\/pgd.repnje.si\/index.php?rest_route=\/wp\/v2\/pages"}],"about":[{"href":"https:\/\/pgd.repnje.si\/index.php?rest_route=\/wp\/v2\/types\/page"}],"author":[{"embeddable":true,"href":"https:\/\/pgd.repnje.si\/index.php?rest_route=\/wp\/v2\/users\/1"}],"replies":[{"embeddable":true,"href":"https:\/\/pgd.repnje.si\/index.php?rest_route=%2Fwp%2Fv2%2Fcomments&post=176"}],"version-history":[{"count":14,"href":"https:\/\/pgd.repnje.si\/index.php?rest_route=\/wp\/v2\/pages\/176\/revisions"}],"predecessor-version":[{"id":3430,"href":"https:\/\/pgd.repnje.si\/index.php?rest_route=\/wp\/v2\/pages\/176\/revisions\/3430"}],"up":[{"embeddable":true,"href":"https:\/\/pgd.repnje.si\/index.php?rest_route=\/wp\/v2\/pages\/249"}],"wp:attachment":[{"href":"https:\/\/pgd.repnje.si\/index.php?rest_route=%2Fwp%2Fv2%2Fmedia&parent=176"}],"curies":[{"name":"wp","href":"https:\/\/api.w.org\/{rel}","templated":true}]}}